pose 0 = -0*l - 4*l. Let q be (-18)/(-126) + (-18)/(-21). Let i be -7*(-3 + l) - q. What is the greatest common factor of 30 and i?
10
Let a = 4 - 16. Let z be (4/a)/(2/(-102)). What is the highest common factor of 153 and z?
17
Suppose g - 2 = -g. Let k be 3/3 - (-73 + g). Let d = -48 + k. What is the greatest common divisor of 5 and d?
5
Let c(z) = 3*z - 12. Let r be c(6). Let o = -4 + r. Suppose -o*j + m + 61 + 0 = 0, 4*m = -4*j + 140. What is the greatest common divisor of j and 4?
4
Suppose 2*s = -4*z + 250, -s + 5*z = -58 - 67. What is the highest common factor of 50 and s?
25
Let a(v) be the third derivative of -v**5/60 - v**4/12 + 7*v**3/2 - 24*v**2. Let u be a(-5). What is the greatest common divisor of u and 66?
6
Let n(p) = -62*p - 1048. Let b be n(-17). Suppose -4*m + 3 = -2*o - 5, 0 = -5*o + 5*m - 5. What is the greatest common factor of b and o?
2
Let a(m) = -m**3 - 6*m**2 + 5*m + 18. Let l be a(-7). Calculate the highest common factor of 128 and l.
32
Suppose 4*p - 13 - 27 = 0. Suppose 6 = -7*c + p*c. What is the highest common factor of 3 and c?
1
Let c = -270 - -310. What is the highest common factor of c and 8?
8
Let f be ((-2)/(-1) + 41)*1. Suppose x + 4*g - 264 = 217, -3*g = -x + 467. What is the highest common factor of x and f?
43
Let w = 2769 + -1562. What is the greatest common factor of 34 and w?
17
Let o(t) = 3*t**2 - 3*t - t**2 + 3 - 3*t**2. Let j be o(-3). Suppose 5*d + 5*w = 10, -j*d + w + 14 = -0*d. Calculate the greatest common factor of 4 and d.
4
Suppose 0 = 5*l - 0*l + i, 0 = 5*l - 4*i. Suppose l = -3*r - 90 + 276. Calculate the greatest common divisor of 31 and r.
31
Suppose -2*y = -5*c + 63, -31*c + 28*c - 3*y + 42 = 0. Calculate the highest common factor of 936 and c.
13
Suppose 30*s - 390 = 4*s. Calculate the highest common factor of 3 and s.
3
Let q(s) = -31 + 38 - s - 6*s. Let v be q(2). Let u be 2/1*(22 - v). What is the greatest common divisor of 87 and u?
29
Let b be (-2*5/40)/(4/(-16)). Calculate the highest common divisor of 563 and b.
1
Let z(q) = q - 1. Let d be z(4). Suppose 2*b = w + 6, d*w - 2 = -4*b + 20. Let a be (-15)/w*16/(-12). What is the highest common factor of 4 and a?
2
Suppose 0 = -3*a + 47 + 4. Suppose 0 = 8*j - 1 + 1. Suppose j = -0*h + 4*h - 204. What is the highest common divisor of h and a?
17
Let f = 105 - 225. Let r be (-11420)/f + 2/(-12). Calculate the greatest common divisor of 19 and r.
19
Let o = -84 - 37. Let x be 3/9*(5 - 3 - -28). Let k be x/25*(-1 - o). What is the highest common factor of k and 32?
16
Let a(f) = -3*f + 23. Let m be a(-11). Suppose r = 35 + m. What is the highest common divisor of r and 13?
13
Let p(f) = -3*f + 2*f**2 - 2 - 2*f**3 + f**2 + 4*f**3 + 7. Let o be p(3). Suppose 2*s - 61 = -5*j + 5*s, 2 = -s. Calculate the highest common factor of o and j.
11
Suppose 11 = -2*z + 389. Suppose -2*b = s - 6*b - 5, -113 = -5*s - 2*b. What is the greatest common factor of s and z?
21
Suppose 351*b + 140 = 353*b. What is the highest common divisor of b and 168?
14
Let y be (-3360)/(6 + -10) + 8. Calculate the highest common divisor of 159 and y.
53
Let m(d) = 3*d**3 - 4*d**2 + 42*d + 1. Let u be m(5). What is the greatest common divisor of u and 6?
6
Suppose -7*x = -3*x + 4. Let o = 4 + x. Let j(m) = 3*m**2 - 15*m - 9. Let p be j(7). What is the highest common divisor of p and o?
3
Suppose 0 = 2*a + 27 + 233. Let f = 146 + a. What is the highest common divisor of f and 144?
16
Let l be (-4)/(-26) - (-3565)/65. Suppose -4*v - l = -9*v. Let d = -4 + v. Calculate the highest common factor of 7 and d.
7
Let o = 8 + -6. Let i(u) = -u + 15. Let f be -1 + (0 - -9) + 2. Let j be i(f). What is the greatest common factor of o and j?
1
Let x(v) = 91*v**2 + 1. Let l be x(-1). Let f = 128 - l. Calculate the highest common factor of 54 and f.
18
Suppose 2*v + 4*m - 119 - 133 = 0, 0 = -2*v + 3*m + 252. What is the greatest common divisor of v and 90?
18
Suppose 27*i = 33*i - 54. Let b(z) = 12*z - 57. Let p be b(i). Calculate the highest common factor of 17 and p.
17
Let s(h) = -9*h + 18. Let t(j) = 36*j - 72. Let m(z) = -21*s(z) - 5*t(z). Let r be m(7). Calculate the greatest common factor of 15 and r.
15
Suppose 84 = -478*r + 484*r. Let z be ((-14)/2)/((-5)/35). What is the highest common factor of r and z?
7
Suppose -51 + 38 = -p + 2*u, 3*u + 65 = 5*p. What is the greatest common divisor of p and 2119?
13
Suppose 9*g + 0 = -0. Suppose 23 = x + 3*a, 3*a - 2*a - 3 = g. Suppose 4*z - 6 = 386. Calculate the highest common divisor of x and z.
14
Let q = -17 - -19. Suppose -53 = -q*n + 75. Suppose -4*p + 8*p = n. Calculate the greatest common factor of 48 and p.
16
Let s(i) = -i**3 - 14*i**2 - 12*i + 7. Let m be s(-13). Let d = 20 + m. Calculate the highest common divisor of d and 56.
14
Let w = 98 + -95. Calculate the highest common factor of 11 and w.
1
Let l be 100/6*60/25. Let d be (30/(-25))/((-6)/l). Let c be ((-10)/d)/(1/(-20)). What is the highest common factor of c and 5?
5
Let j be 1/8 + (-3196)/(-32). Let m be 3*(j/(-6))/(-1). Let t(c) = 19*c + 1. Let z be t(1). Calculate the greatest common divisor of z and m.
10
Let p(d) be the second derivative of 7*d**4/4 + d**3/6 - 7*d. Let l be p(1). What is the greatest common divisor of 2 and l?
2
Suppose -2*z = -5*z + 4*h - 128, 3*z - 2*h + 130 = 0. Let m = 65 + z. Let n be (-18)/(-1*(-6)/(-63)). What is the highest common factor of m and n?
21
Suppose -w + 3 = -3. Suppose 5*i - 2*c = -1, w = -2*i + 2*c - 4*c. Let j be (-17)/(-3*i/(-6)). Calculate the greatest common divisor of 238 and j.
34
Let u be 1865 - 21*(-4)/48*4. What is the greatest common divisor of u and 18?
18
Let d(j) = -9*j**2 - 104*j + 7. Let u be d(-10). Calculate the highest common factor of 42 and u.
21
Let f = -10 - -10. Suppose -5*s + 230 - 1520 = f. Let n = -138 - s. What is the highest common divisor of 48 and n?
24
Suppose 4*c + d = -d + 834, 0 = 2*c - d - 423. Suppose -4*o = -c - 46. Suppose 28 + o = 4*l. Calculate the highest common factor of 207 and l.
23
Let m(j) = -2*j - 1. Let h(w) = 30*w + 30. Let s(z) = -h(z) - 18*m(z). Let n be s(5). What is the highest common divisor of n and 12?
6
Let o(u) = 2*u**3 + 2*u**2 - 3*u + 3. Let y be o(2). Suppose -10 = 3*m - 1, -3*x + 2*m + 15 = 0. What is the greatest common factor of y and x?
3
Let m = -122 + 124. Let l be 455/52 - 6/16*m. Calculate the highest common divisor of l and 72.
8
Let b(t) = t**3 - 5*t + 4. Let k be b(4). Let p be 570/16 + 18/k. What is the greatest common factor of p and 36?
36
Let u be (2/3)/((-2)/(-108)). Let z = 127 - 115. Calculate the greatest common factor of z and u.
12
Let x = 246 - -1484. Calculate the highest common factor of x and 10.
10
Let z = 1659 - 963. Calculate the greatest common divisor of z and 24.
24
Let a = -121 - -240. What is the greatest common divisor of a and 51?
17
Let h(t) = 13*t + 62. Let j be h(-2). What is the highest common divisor of 20 and j?
4
Let a = -10 - -14. Suppose -5 = -3*w - 2*y + 2, 5*w - 10 = -5*y. Suppose 8*m = w*m + 40. Calculate the greatest common factor of m and a.
4
Let t(b) = -49*b + 1926. Let c be t(39). Let n = 60 - 15. What is the greatest common factor of n and c?
15
Suppose p - 5*z = 3*p + 508, 2*p + 2*z = -496. Let o = -145 - p. What is the greatest common divisor of o and 11?
11
Let q be -2 + 2 + -3 + 286. Let y = -66 + q. Suppose 5*g + 77 - y = 0. What is the greatest common divisor of g and 7?
7
Suppose 4*u + 27 + 4 = -5*w, w = u + 1. Let a be 82*w*(-1)/6. Suppose -4*t = -a - 43. Calculate the greatest common factor of 3 and t.
3
Let c be 67 + 22 - 12/(-3). Calculate the greatest common factor of 6 and c.
3
Let g(n) = n**2 - 2*n + 5. Let m(t) = -t**2 - 16*t + 24. Let j be m(-17). Let c be g(j). Let y = -34 + c. Calculate the highest common divisor of 3 and y.
3
Let m = -12 - -7. Let q(b) be the first derivative of -3*b**2/2 - b - 26. Let g be q(m). Calculate the greatest common factor of 28 and g.
14
Let q be (-6)/(-8)*4 + 11. Let l be 16/28 + 20/q. Suppose -1 = -3*b + a, -5*b + 3*b + 2*a = l. Calculate the greatest common divisor of b and 1.
1
Let r be ((-3)/(-2))/(-4 + 129/30). What is the highest common factor of 1 and r?
1
Let u be (-170)/(-3) + (2 - (-80)/(-30)). Let c(h) = -h**2 - 8*h - 4. Let k be c(-6). Calculate t